er when 13475 is divided by 6731.
13
What is the remainder when 2406 is divided by 1277?
1129
What is the remainder when 18374 is divided by 54?
14
What is the remainder when 13969 is divided by 68?
29
Calculate the remainder when 1979 is divided by 405.
359
What is the remainder when 60364 is divided by 98?
94
Calculate the remainder when 16832 is divided by 251.
15
Calculate the remainder when 9865 is divided by 4782.
301
Calculate the remainder when 3539 is divided by 700.
39
What is the remainder when 253 is divided by 109?
35
What is the remainder when 1289267 is divided by 9?
8
What is the remainder when 7469 is divided by 54?
17
What is the remainder when 8475 is divided by 77?
5
What is the remainder when 86098 is divided by 35?
33
What is the remainder when 8718 is divided by 122?
56
Calculate the remainder when 16567 is divided by 7.
5
What is the remainder when 4816442 is divided by 16?
10
Calculate the remainder when 504626 is divided by 362.
360
What is the remainder when 1599 is divided by 533?
0
Calculate the remainder when 422602 is divided by 24.
10
What is the remainder when 117807 is divided by 58861?
85
What is the remainder when 58278 is divided by 151?
143
Calculate the remainder when 30923 is divided by 15111.
701
What is the remainder when 2114 is divided by 267?
245
Calculate the remainder when 6951 is divided by 183.
180
Calculate the remainder when 3840 is divided by 273.
18
What is the remainder when 17853 is divided by 17851?
2
Calculate the remainder when 3049607 is divided by 435657.
8
Calculate the remainder when 4280 is divided by 98.
66
Calculate the remainder when 944117 is divided by 254.
253
Calculate the remainder when 18532 is divided by 333.
217
Calculate the remainder when 41227 is divided by 14.
11
What is the remainder when 306061 is divided by 199?
198
What is the remainder when 50851 is divided by 227?
3
What is the remainder when 500016 is divided by 1002?
18
Calculate the remainder when 13240 is divided by 13238.
2
What is the remainder when 5286 is divided by 407?
402
Calculate the remainder when 104240 is divided by 51.
47
Calculate the remainder when 6924 is divided by 838.
220
Calculate the remainder when 5732 is divided by 1138.
42
What is the remainder when 161871 is divided by 6?
3
Calculate the remainder when 11154 is divided by 3700.
54
What is the remainder when 318170 is divided by 543?
515
Calculate the remainder when 14790 is divided by 79.
17
What is the remainder when 6104 is divided by 74?
36
What is the remainder when 342 is divided by 269?
73
What is the remainder when 7560 is divided by 50?
10
Calculate the remainder when 5746 is divided by 1492.
1270
What is the remainder when 534144 is divided by 52?
0
Calculate the remainder when 3029 is divided by 158.
27
What is the remainder when 63050 is divided by 985?
10
What is the remainder when 1601 is divided by 106?
11
What is the remainder when 27919 is divided by 405?
379
What is the remainder when 11213 is divided by 700?
13
What is the remainder when 191606 is divided by 51?
50
What is the remainder when 4988969 is divided by 315?
314
What is the remainder when 10203 is divided by 2?
1
Calculate the remainder when 30576 is divided by 266.
252
What is the remainder when 1403 is divided by 497?
409
Calculate the remainder when 2135 is divided by 688.
71
What is the remainder when 289818 is divided by 142?
138
Calculate the remainder when 6681 is divided by 1323.
66
What is the remainder when 49394 is divided by 33?
26
What is the remainder when 449931 is divided by 62?
59
What is the remainder when 3951 is divided by 9?
0
Calculate the remainder when 565 is divided by 41.
32
What is the remainder when 81938 is divided by 964?
962
Calculate the remainder when 956424 is divided by 529.
521
What is the remainder when 611006 is divided by 892?
878
Calculate the remainder when 6164284 is divided by 1977.
1975
What is the remainder when 10517 is divided by 588?
521
What is the remainder when 601437 is divided by 336?
333
Calculate the remainder when 1806 is divided by 10.
6
Calculate the remainder when 9583 is divided by 1408.
1135
What is the remainder when 3144 is divided by 944?
312
What is the remainder when 79497 is divided by 10?
7
Calculate the remainder when 1028 is divided by 366.
296
What is the remainder when 1522 is divided by 625?
272
Calculate the remainder when 12682 is divided by 576.
10
What is the remainder when 13661 is divided by 13569?
92
What is the remainder when 1880 is divided by 460?
40
What is the remainder when 927 is divided by 198?
135
Calculate the remainder when 3259 is divided by 1618.
23
What is the remainder when 26870 is divided by 838?
54
Calculate the remainder when 206512 is divided by 34.
30
Calculate the remainder when 3564 is divided by 173.
104
Calculate the remainder when 1113197 is divided by 11.
8
What is the remainder when 4428 is divided by 884?
8
Calculate the remainder when 306021 is divided by 15301.
1
Calculate the remainder when 1086 is divided by 572.
514
What is the remainder when 78485 is divided by 1744?
5
Calculate the remainder when 2648 is divided by 513.
83
Calculate the remainder when 137580 is divided by 68756.
68
What is the remainder when 229912 is divided by 9574?
136
What is the remainder when 5325 is divided by 16?
13
Calculate the remainder when 4193 is divided by 911.
549
Calculate the remainder when 2591 is divided by 201.
179
Calculate the remainder when 7220 is divided by 48.
20
What is the remainder when 19985 is divided by 232?
33
What is the remainder when 67142 is divided by 3051?
20
What is the remainder when 99533 is divided by 27?
11
What is the remainder when 458398 is divided by 12389?
5
Calculate the remainder when 2171 is divided by 421.
66
Calculate the remainder when 79 is divided by 31.
17
What is the remainder when 76851 is divided by 38416?
19
Calculate the remainder when 2086 is divided by 110.
106
What is the remainder when 601 is divided by 257?
87
Calculate the remainder when 83021 is divided by 883.
19
Calculate the remainder when 105139 is divided by 398.
67
What is the remainder when 89299 is divided by 95?
94
Calculate the remainder when 10408 is divided by 10298.
110
What is the remainder when 555461 is divided by 436?
433
What is the remainder when 312281 is divided by 127?
115
Calculate the remainder when 5141 is divided by 33.
26
What is the remainder when 2870 is divided by 1155?
560
What is the remainder when 57846 is divided by 761?
10
Calculate the remainder when 71537 is divided by 61.
45
What is the remainder when 38006 is divided by 1725?
56
Calculate the remainder when 2858336 is divided by 19.
14
Calculate the remainder when 31675 is divided by 31628.
47
Calculate the remainder when 89459 is divided by 45.
44
Calculate the remainder when 304891 is divided by 23453.
2
Calculate the remainder when 980642 is divided by 23.
14
Calculate the remainder when 4268 is divided by 694.
104
What is the remainder when 122920 is divided by 61453?
14
What is the remainder when 4357 is divided by 218?
215
What is the remainder when 52909 is divided by 7557?
10
What is the remainder when 1266 is divided by 639?
627
What is the remainder when 853 is divided by 851?
2
What is the remainder when 16283 is divided by 217?
8
Calculate the remainder when 199 is divided by 8.
7
What is the remainder when 7424 is divided by 1193?
266
What is the remainder when 4228 is divided by 611?
562
What is the remainder when 15365 is divided by 26?
25
What is the remainder when 14498 is divided by 11?
0
What is the remainder when 1629 is divided by 101?
13
What is the remainder when 1560 is divided by 588?
384
Calculate the remainder when 1793 is divided by 1258.
535
Calculate the remainder when 59835 is divided by 6.
3
Calculate the remainder when 8426 is divided by 2065.
166
Calculate the remainder when 19069 is divided by 452.
85
Calculate the remainder when 13222 is divided by 70.
62
Calculate the remainder when 585 is divided by 42.
39
Calculate the remainder when 384816 is divided by 137.
120
Calculate the remainder when 230992 is divided by 7.
6
Calculate the remainder when 443 is divided by 70.
23
Calculate the remainder when 70897 is divided by 35376